Let w(b) = -2*b - 3. Suppose 0*j + 16 = -3*j - o, j + 3*o = 8. Let u = j - -5. What is w(u)?
1
Let p(o) = 2*o**3 - 12*o**2 + 6*o - 5. Let i(m) = -m**3 + 6*m**2 - 3*m + 2. Let q be 82/12 - 2/(-12). Let f(s) = q*i(s) + 3*p(s). Determine f(5).
9
Let l(r) be the third derivative of 3*r**6/40 - r**5/60 - 6*r**2. What is l(-1)?
-10
Let d = -5 + 7. Let z(p) be the third derivative of 0 + 1/3*p**3 + p**2 - 1/24*p**4 - 1/120*p**6 + 1/30*p**5 + 0*p. Calculate z(d).
0
Let j(p) be the third derivative of 1/30*p**5 + 2/3*p**3 + 9*p**2 - 7/24*p**4 + 0*p + 0. What is j(4)?
8
Suppose -3*u = -9 - 3. Suppose u*v = -0*v + 24. Let y(r) = -r - r + r + 7. Determine y(v).
1
Let a(n) = -3*n + 4. Let o = -2 + 4. Suppose -3*v - o = -11. Calculate a(v).
-5
Let z(n) = -n**2 + 3*n + 3. Let l be -3*(20/(-6))/5. Let d(k) = 2*k**2 - 4*k - 4. Let h(q) = l*d(q) + 3*z(q). Give h(-2).
3
Let f(y) = -2*y**2 + 12*y - 1. Let n be f(6). Let x(j) = -4 - 4*j**3 - j**2 - 4*j**3 + 3 - 2*j. Determine x(n).
8
Let k(l) = -11 + 23*l - 8*l - 12*l. Determine k(8).
13
Let a be ((-306)/(-68))/(3/4). Let l(c) = -3*c**3 + 7*c**2 - 5*c + 3. Let b(u) = -13*u**3 + 28*u**2 - 20*u + 13. Let w(s) = 2*b(s) - 9*l(s). Give w(a).
-7
Let g(l) = 2*l - 1. Suppose -3*z + 6 = -6*c + 4*c, -5*z + 20 = 0. Let p be (15/(-10))/(c/(-4)). Calculate g(p).
3
Let g(l) = -l - 1. Let o(f) = -3*f + 18. Let t be o(6). What is g(t)?
-1
Let j(i) = 2*i**2 - 3*i - 2. Let b(t) = t**2. Let z(q) = 6*b(q) - j(q). What is z(-2)?
12
Let z be (-1 - (-5 + 2)) + -1. Suppose 5*h + 4 + z = 0. Let m(o) be the second derivative of -2*o**3/3 + 2*o. Determine m(h).
4
Let h(q) = -14*q**2 - 3*q + 14. Let k(t) = 5*t**2 + t - 5. Let b(d) = -4*h(d) - 11*k(d). What is b(0)?
-1
Let l(c) = -c**3 + 4*c**2 - 4*c. Let k = -37 + 40. What is l(k)?
-3
Let u(x) = x**3 + 9*x**2 + 7*x - 8. Let f be u(-8). Let b(l) = l**2 + l + 16. What is b(f)?
16
Let l(g) = g**2 - 7*g + 1. Suppose 18 - 4 = 2*z. What is l(z)?
1
Let g be 44/7 - (-3)/((-63)/6). Let x(n) = n**2 - 5*n - 5. What is x(g)?
1
Let q be (0 + -2)/((-24)/2). Let d(a) be the second derivative of q*a**3 + a + 0 + 7/2*a**2. Determine d(0).
7
Let p(z) be the third derivative of z**4/8 - 5*z**3/6 - 2*z**2. Calculate p(4).
7
Let b(g) = -3*g. Let u = -6 - -16. Suppose h + h = u. Let n = h - 4. Calculate b(n).
-3
Let t(w) = 3*w - 1. Let h(j) = 2*j. Let m(s) = 5*h(s) - 3*t(s). Let r(g) = 4*g. Let c be r(1). Calculate m(c).
7
Let p(t) = 11*t**2 - 18*t - 18. Let k(r) = -4*r**2 + 6*r + 6. Let w(y) = 8*k(y) + 3*p(y). Determine w(8).
10
Suppose 0*x - 5*x = -80. Let a be x/(-56) + (-23)/(-7). Let d(u) = -4*u + 4. What is d(a)?
-8
Let z(m) = -2 - 2*m - m**2 + 0*m**2 - 5*m**2 + 1. Suppose -2*u + 23 = -5*h + 8, 0 = 3*h - 4*u + 23. Calculate z(h).
-5
Let x(n) = -3*n**3 - 11*n**2 + 2*n. Let t(v) = 2*v**3 + 5*v**2 - v. Let r(k) = -9*t(k) - 4*x(k). Give r(1).
-6
Let p(o) = -o**2 + 6*o - 6. Let u = 0 - -2. Suppose u*a = -5 + 17. Give p(a).
-6
Let g(m) = -m**2 - 5*m + 6. Let a be (20/(-16))/(1/(-4)). Let h = -2 + a. Let p be 22/(-5) - h/5. Give g(p).
6
Suppose l + l - 8 = 0. Suppose -4*f = l*m - 20, 4*f - 8 = 4*m - 2*m. Let j(a) = m*a + 4 - 6*a + 0*a**2 - a**2. What is j(-4)?
4
Suppose 3*h + 7 = 22. Let l(i) be the third derivative of 5*i**4/12 - 2*i**3/3 - 5*i**2. Let p(y) = -y. Let f(g) = l(g) + 8*p(g). Calculate f(h).
6
Let d(z) = -z**3 - 4*z**2 + 5*z + 1. Let l(i) = -i**2 - 4*i. Let s be l(-5). Determine d(s).
1
Let t(q) = -14*q + 188. Let c be t(13). Let w(n) = -3*n + 8 + 0*n**3 + 6*n**2 - n**3 + 4*n. Determine w(c).
14
Let i = -1 + 0. Let x(z) = -z + 9. Let k be x(4). Let s(m) = -8 + 9 + 0 + k*m**2. Determine s(i).
6
Let f be 14/(-77) - 26/(-22). Let a(o) = 7*o**3 + 2*o**2 - o. What is a(f)?
8
Let w(s) = -s**3 - 6*s**2 - 4*s + 5. Let c(k) = -11*k**2 - k. Let v be c(1). Let p be (-5)/((v/4)/(-3)). Calculate w(p).
0
Let t(r) = -2 + 2 - 5*r. Suppose -4*x = -5*c + 14 + 10, -2*c = 0. Let z = 5 + x. What is t(z)?
5
Let v(a) = -a + 4. Let k = -58 + 58. Give v(k).
4
Let a be -3*3/(-15)*15. Let t(i) = -i + 90*i**2 - 90*i**2 - 1 + a*i**3. Give t(-1).
-9
Let y(m) = m**2 + m + 1. Let r = 72 - 69. Determine y(r).
13
Suppose 0 = 3*u + 5*p - 13, -3*u + 3*p = u - 56. Let m = u - 7. Suppose -4*x - n = m*n - 26, -n + 18 = 4*x. Let v(b) = -b**2 + 4*b - 3. Calculate v(x).
-3
Suppose -c = -2*x + 29, 78 = 4*x - 6*c + 8*c. Suppose y + 3*a = x, -y + 3*y - 3*a + 2 = 0. Let f(o) = -4*o - 94 + 6*o + 87. Determine f(y).
3
Suppose c = 6*c - 15. Let f(q) = 27*q - 21. Let o(a) = -17*a + 14. Let w(x) = -5*f(x) - 8*o(x). Give w(c).
-4
Let y(q) be the first derivative of -1/2*q**2 + 0*q**4 - 3/20*q**5 + 3*q + 1/3*q**3 - 3. Let m(s) be the first derivative of y(s). Give m(1).
-2
Let w(d) = -2*d + 5. Let j be (96/(-120))/(0 - 2/15). What is w(j)?
-7
Let y(f) = f - 7. Let z be y(6). Let t = z + 5. Let u(g) = -2*g**2 - g - 2 - 3 + t + 3*g**2. Calculate u(0).
-1
Let y(n) = -n**3 + n**2 + 2. Let x(q) = -3*q**3 + q**2 - 3. Let g(z) = -x(z) + 2*y(z). Let w be 1 - 2 - (-1)/1. Calculate g(w).
7
Let o(b) = b**3 - b + 9. Let f = 7 + -7. Calculate o(f).
9
Let x(a) = -a**3 + 3*a**2 + a - 2. Let l = -19 + 22. Determine x(l).
1
Let m(g) be the first derivative of g**3/3 - 3*g**2 + 4*g - 3. Let h = 8 - 3. Give m(h).
-1
Let l(p) = -p**3 + 5*p**2 - 4*p + 1. Suppose 2*r = r + 5. Suppose 0 = r*t - o - 17, -18 = -5*t + 2*t - 2*o. Calculate l(t).
1
Let t be 3/((-15)/(-2))*-10 - -3. Let i(y) be the second derivative of -1/2*y**2 + 0*y**4 + 0*y**3 + 2*y + 0 - 1/20*y**5. What is i(t)?
0
Let p(j) be the first derivative of -j**3/3 - 3*j**2 + 7*j - 37. Give p(-6).
7
Suppose -8 = -5*j - k - 3, k - 3 = -4*j. Suppose 2 = -2*f, -h + 4*f = -2*h - 1. Suppose -3*s = 3*t, 4*s - h = -j*t - s. Let q(l) = -5*l**2 - l - 1. Give q(t).
-5
Let w = 0 - -4. Let z(s) be the first derivative of -s**5/120 + 5*s**4/24 - 4*s**3/3 - 3. Let m(i) be the third derivative of z(i). Calculate m(w).
1
Let v(l) = l + 11. Let x be v(-9). Let b be -3 - (-5*2 + x). Let i(c) = -2*c + 4. Calculate i(b).
-6
Let k(w) = w**3 + 5*w**2 + 4*w + 5. Let x be ((-6)/(-24))/((-1)/(-8)). Suppose -x*j + 0 = 8. Give k(j).
5
Let o(r) = -6*r + 12. Let d(z) = -4*z + 8. Let g(l) = -7*d(l) + 5*o(l). Give g(7).
-10
Let x(u) = -u**2 + u + 1. Let i be x(0). Suppose 5*t - 21 = -6. Let v(k) = 3*k**2 - 7 + t*k**2 + 6. Calculate v(i).
5
Suppose 17 = 5*t - 13. Let f(w) = -3*w - t + 0*w + w. What is f(-5)?
4
Let c(n) be the second derivative of -n**4/6 - n**3/6 + 2*n**2 + 21*n. Determine c(-3).
-11
Let l(p) = p**3 - 4*p**2 + 4*p - 1. Let c be l(3). Suppose -4*a + 10 = -c*u + 26, -3*u + 6 = 3*a. Let t(o) = -2*o**2 - 3*o. Determine t(a).
-2
Let g(d) = 3*d - 9. Let b(a) = 2*a - 4. Let i(j) = -5*b(j) + 3*g(j). Suppose -v - 6 = v - 2*l, -2*v - 4*l - 30 = 0. Calculate i(v).
0
Let f(s) = -133*s + 3*s**2 + 134*s - s**2 + 6*s**3. Give f(-1).
-5
Let f(g) be the third derivative of -g**5/60 - 5*g**4/24 + 4*g**3/3 - 2*g**2. What is f(-6)?
2
Suppose 4*z + 6 = u, 5*z = u - 0*u - 7. Let l(x) = 4 - x - 5 + 1 + 4*x**3. What is l(z)?
-3
Suppose 2 - 10 = -2*o. Let w(a) be the third derivative of -a**4/24 + 4*a**3/3 + 12*a**2. What is w(o)?
4
Let s(t) = t - 1. Let i(y) = -y**3 - 4*y**2 + 4*y - 1. Suppose 6*f = f - 25. Let j be -10*(10/(-4))/f. Let m be i(j). Give s(m).
3
Suppose -1 = -m - 0*m. Let n(q) be the first derivative of -4*q**3/3 - q**2 + q + 1. Determine n(m).
-5
Let k(a) be the second derivative of -a**5/20 + a**4/2 + a**3/6 - a**2 + 4*a. What is k(6)?
4
Let j be 0/(-3) + (-4 - -12). Let p(d) = -14*d + 9*d + j*d. Calculate p(4).
12
Suppose -6*n = -4*n + 18. Let k = n - -9. Let x be (-1 - -1)/(1 - k). Let q(p) = -p**3. Calculate q(x).
0
Let m(i) = 5*i**3 + 0 - 4 - 5*i**2 - 3*i + 2*i**3 - 8*i**3. Calculate m(-4).
-8
Let a(g) = 89 + 0*g - 87 + g. Calculate a(-3).
-1
Let i(y) = y + 3. Let j be i(-5). Let d = j + -2. Let n(r) = 4*r + 2*r - 2 - 4*r - 3*r. Give n(d).
2
Let r(y) = 4*y**3 - 2*y**2 + 4*y + 5. Let g(t) = -t**3 + t**2. Let v(l) = -5*g(l) - r(l). Calculate v(4).
-5
Let y be -6 - 1/3*3. Let h(g) = g + 7. Let c be h(y). Let r(d) = -d**2 + d + 8. Calculate r(c).
8
Let a(g) = g - 4. Let d be a(2). Let o be -1*d/(-4)*4. Let t(i) = -2*i**2 + 2. What is t(o)?
-6
Suppose 6*c = 2*c + 4. Let d(a) = a. Let j(q) = -q + 4 - 5*q - 5 + 0*q. Let k(g) = c*j(g) + 5